 composite?
False
Is 646801 prime?
False
Is 334 a composite number?
True
Is 6007 composite?
False
Is 2999 a composite number?
False
Is 471589 a composite number?
False
Is 1397 prime?
False
Is 114157 a composite number?
False
Is 75467 a composite number?
True
Is 27883 a composite number?
False
Is 19051 a prime number?
True
Is 22471 prime?
False
Is 20771 a prime number?
True
Is 319183 a prime number?
True
Is 1865 composite?
True
Is 850409 a composite number?
True
Is 54455 composite?
True
Is 1361 a composite number?
False
Is 200722 a prime number?
False
Is 117571 prime?
True
Is 11789 a prime number?
True
Is 5123791 prime?
True
Is 50026 a composite number?
True
Is 621799 composite?
False
Is 34851 a composite number?
True
Is 374021 a composite number?
True
Is 176717 a composite number?
True
Is 123 a composite number?
True
Is 1385561 composite?
False
Is 501383 composite?
False
Is 183071 a prime number?
False
Is 1195091 a composite number?
False
Is 6449 a prime number?
True
Is 767 composite?
True
Is 46609 a prime number?
False
Is 60479 composite?
True
Is 50311 composite?
False
Is 3297959 prime?
False
Is 18053 a prime number?
False
Is 2777 composite?
False
Is 666323 a prime number?
False
Is 46537 prime?
False
Is 25257 composite?
True
Is 1171 composite?
False
Is 42101 a composite number?
False
Is 380279 prime?
False
Is 1679 a composite number?
True
Is 4666 composite?
True
Is 621133 composite?
False
Is 1845794 a composite number?
True
Is 28349 a prime number?
True
Is 1578559 a prime number?
False
Is 397 prime?
True
Is 75289 a composite number?
False
Is 3258217 a prime number?
True
Is 87767 a composite number?
False
Is 369673 a prime number?
True
Is 1465967 composite?
True
Is 28921 a prime number?
True
Is 350003 a prime number?
True
Is 77417 prime?
True
Is 4493 prime?
True
Is 23183 composite?
True
Is 679 a composite number?
True
Is 1361 prime?
True
Is 21961 a prime number?
True
Is 53683 composite?
True
Is 37763 composite?
True
Is 1681039 composite?
True
Is 3359 prime?
True
Is 36471 a prime number?
False
Is 591553 a prime number?
True
Is 20365 composite?
True
Is 582259 a composite number?
True
Is 610063 a prime number?
True
Is 340513 a composite number?
True
Is 8663 composite?
False
Is 18965 composite?
True
Is 7121 prime?
True
Is 4733305 composite?
True
Is 823051 a composite number?
False
Is 20599 prime?
True
Is 11015 composite?
True
Is 8443 a prime number?
True
Is 6673 a prime number?
True
Is 18899 a prime number?
True
Is 944635 prime?
False
Is 6469 prime?
True
Is 1170398 composite?
True
Is 171383 a prime number?
True
Is 7477 a prime number?
True
Is 110291 prime?
True
Is 6341 composite?
True
Is 10229 a composite number?
True
Is 18349 a prime number?
False
Is 29917 a composite number?
False
Is 18119 composite?
False
Is 1187089 a composite number?
False
Is 34871 a prime number?
True
Is 651061 a prime number?
False
Is 5755 a composite number?
True
Is 18649 a composite number?
True
Is 550309 a prime number?
True
Is 51857 a prime number?
False
Is 1657 prime?
True
Is 29167 a composite number?
False
Is 16973 a composite number?
True
Is 3530491 a composite number?
True
Is 38806 composite?
True
Is 1583 a prime number?
True
Is 15877 composite?
False
Is 78971 prime?
False
Is 198277 prime?
True
Is 140095 a prime number?
False
Is 19659 a composite number?
True
Is 6197 a prime number?
True
Is 46157 a prime number?
False
Is 5793 a composite number?
True
Is 65077 prime?
False
Is 160141 a prime number?
True
Is 12731 a prime number?
False
Is 72841 a composite number?
True
Is 29221 composite?
False
Is 18859 prime?
True
Is 47681 a prime number?
True
Is 861079 composite?
False
Is 932342 prime?
False
Is 358841 a prime number?
False
Is 93827 a prime number?
True
Is 179519 a composite number?
False
Is 5042 prime?
False
Is 10743 a composite number?
True
Is 1471 a composite number?
False
Is 323173 prime?
False
Is 195359 prime?
True
Is 80841 prime?
False
Is 964537 prime?
False
Is 81349 a prime number?
True
Is 88034 a composite number?
True
Is 1221835 prime?
False
Is 351409 composite?
True
Is 87979 composite?
True
Is 11269 prime?
False
Is 40459 a prime number?
True
Is 101159 composite?
False
Is 72307 composite?
False
Is 1783 a prime number?
True
Is 6982 composite?
True
Is 116027 a prime number?
True
Is 10007 a prime number?
True
Is 14843 a prime number?
True
Is 569321 composite?
False
Is 21041 a prime number?
False
Is 122345 composite?
True
Is 1065335 a prime number?
False
Is 22433 a composite number?
False
Is 128471 composite?
True
Is 13817 a composite number?
True
Is 418069 prime?
True
Is 2979385 prime?
False
Is 12133 composite?
True
Is 1743761 a composite number?
False
Is 118529 a composite number?
False
Is 19681 a composite number?
False
Is 984183 composite?
True
Is 426913 composite?
False
Is 2513 a composite number?
True
Is 1121 a composite number?
True
Is 28913 a prime number?
False
Is 2789 prime?
True
Is 3904283 prime?
True
Is 8711 composite?
True
Is 327527 composite?
True
Is 138559 a prime number?
True
Is 28189 prime?
False
Is 357953 a prime number?
False
Is 15063 composite?
True
Is 127693 a prime number?
False
Is 9917 a prime number?
False
Is 15931 composite?
True
Is 10427 composite?
False
Is 12981 a composite number?
True
Is 15947 prime?
False
Is 210709 a prime number?
True
Is 2165941 composite?
False
Is 30902 a composite number?
True
Is 9923 a prime number?
True
Is 53141 composite?
True
Is 205517 a prime number?
False
Is 1651 prime?
False
Is 565109 a composite number?
False
Is 295838 a composite number?
True
Is 32491 composite?
False
Is 10771 prime?
True
Is 327127 a prime number?
True
Is 344567 composite?
False
Is 2081 a composite number?
False
Is 87154 prime?
False
Is 51449 a prime number?
True
Is 20285 a composite number?
True
Is 393401 prime?
True
Is 586349 a composite number?
False
Is 70271 prime?
True
Is 693257 prime?
True
Is 123901 a composite number?
True
Is 191339 composite?
False
Is 638383 prime?
False
Is 4049 composite?
False
Is 34841 prime?
True
Is 2754845 a composite number?
True
Is 594061 composite?
True
Is 68621 a prime number?
False
Is 6629 a composite number?
True
Is 7507 prime?
True
Is 101483 a composite number?
False
Is 3593 a prime number?
True
Is 16837 a composite number?
True
Is 3269 prime?
False
Is 57503 a composite number?
False
Is 109639 a prime number?
True
Is 3349 prime?
False
Is 5269 prime?
False
Is 31307 a composite number?
False
Is 135029 a prime number?
True
Is 1111001 a composite number?
True
Is 51518 prime?
False
Is 127847 a composite number?
True
Is 26041 prime?
True
Is 320315 a prime number?
False
Is 2582 composite?
True
Is 243839 a prime number?
True
Is 1841 prime?
False
Is 1901 composite?
False
Is 285191 a prime number?
True
Is 6389 a prime number?
True
Is 96581 composite?
False
Is 38281 a composite number?
False
Is 75913 prime?
True
Is 31319 a prime number?
True
Is 4751 composite?
False
Is 1385403 a prime number?
False
Is 9533 a prime number?
True
Is 7897 prime?
False
Is 58817 a prime number?
False
Is 62251 a prime number?
False
Is 488687 a prime number?
True
Is 1534723 composite?
True
Is 26921 composite?
False
Is 2548451 prime?
False
Is 875909 a composite number?
True
Is 42589 a composite number?
False
Is 784803 composite?
True
Is 22147 prime?
True
Is 2737645 prime?
False
Is 966863 composite?
False
Is 69203 a composite number?
False
Is 157349 prime?
True
Is 1319 prime?
True
Is 10747 prime?
False
Is 4499 a prime number?
False
Is 12629 a prime number?
False
Is 96259 prime?
True
Is 26321 composite?
False
Is 13681 prime?
True
Is 23755 a composite number?
True
Is 6415 prime?
False
Is 248801 a composite number?
True
Is 114389 a composite number?
True
Is 54083 composite?
False
Is 75611 composite?
False
Is 8231 a prime number?
True
Is 8263 prime?
True
Is 193261 prime?
True
Is 6329 a composite number?
False
Is 5847 composite?
True
Is 15443 composite?
False
Is 78509 a composite number?
False
Is 2157041 a prime number?
True
Is 17326 composite?
True
Is 32297 a prime number?
True
Is 1171 a prime number?
True
Is 430403 a composite number?
True
Is 80141 composite?
False
Is 5615 composite?
True
Is 6469 composite?
False
Is 26557 composite?
False
Is 11246 prime?
False
Is 69811 composite?
True
Is 13093 prime?
True
Is 3323 composite?
False
Is 51609